{"id":15072,"date":"2023-08-29T11:40:23","date_gmt":"2023-08-29T09:40:23","guid":{"rendered":"https:\/\/sostanj.info\/2019\/?post_type=tribe_events&#038;p=15072"},"modified":"2023-08-29T11:40:23","modified_gmt":"2023-08-29T09:40:23","slug":"dvorec-gutenbuchel","status":"publish","type":"tribe_events","link":"https:\/\/sostanj.info\/2019\/dogodki\/dvorec-gutenbuchel\/","title":{"rendered":"Dvorec Gutenbuchel"},"content":{"rendered":"<p>V Ravnah pri \u0160o\u0161tanju stoji \u010dudovit dvorec Gutenb\u00fcchel. Lastniki tega dvorca so se zelo hitro menjali, pomembnej\u0161i med njimi pa so bili Woschnagg-i, ki so stavbo prezidali in ji dali dana\u0161njo podobo. Ohranjena je dragocena notranja oprema z imenitnimi parketi, intarziranim pohi\u0161tvom in lesenimi zidnimi oblogami. \u0160e posebno vrednost pa daje stavbi lep park z mnogimi okrasnimi elementi. Avtorica razstave je Andreja Jurkovnik, v sodelovanju z arhitektko Matejo Kumer.&nbsp;<\/p>\n","protected":false},"excerpt":{"rendered":"<p>V Ravnah pri \u0160o\u0161tanju stoji \u010dudovit dvorec Gutenb\u00fcchel. Lastniki tega dvorca so se zelo hitro menjali, pomembnej\u0161i med njimi pa so bili Woschnagg-i, ki so stavbo prezidali in ji dali&#8230;<\/p>\n","protected":false},"author":1,"featured_media":8430,"comment_status":"closed","ping_status":"closed","template":"","meta":{"ngg_post_thumbnail":0,"footnotes":""},"tags":[],"tribe_events_cat":[52],"class_list":["post-15072","tribe_events","type-tribe_events","status-publish","has-post-thumbnail","hentry","tribe_events_cat-kultura_umetnost","cat_kultura_umetnost"],"_links":{"self":[{"href":"https:\/\/sostanj.info\/2019\/wp-json\/wp\/v2\/tribe_events\/15072","targetHints":{"allow":["GET"]}}],"collection":[{"href":"https:\/\/sostanj.info\/2019\/wp-json\/wp\/v2\/tribe_events"}],"about":[{"href":"https:\/\/sostanj.info\/2019\/wp-json\/wp\/v2\/types\/tribe_events"}],"author":[{"embeddable":true,"href":"https:\/\/sostanj.info\/2019\/wp-json\/wp\/v2\/users\/1"}],"replies":[{"embeddable":true,"href":"https:\/\/sostanj.info\/2019\/wp-json\/wp\/v2\/comments?post=15072"}],"version-history":[{"count":1,"href":"https:\/\/sostanj.info\/2019\/wp-json\/wp\/v2\/tribe_events\/15072\/revisions"}],"predecessor-version":[{"id":15073,"href":"https:\/\/sostanj.info\/2019\/wp-json\/wp\/v2\/tribe_events\/15072\/revisions\/15073"}],"wp:featuredmedia":[{"embeddable":true,"href":"https:\/\/sostanj.info\/2019\/wp-json\/wp\/v2\/media\/8430"}],"wp:attachment":[{"href":"https:\/\/sostanj.info\/2019\/wp-json\/wp\/v2\/media?parent=15072"}],"wp:term":[{"taxonomy":"post_tag","embeddable":true,"href":"https:\/\/sostanj.info\/2019\/wp-json\/wp\/v2\/tags?post=15072"},{"taxonomy":"tribe_events_cat","embeddable":true,"href":"https:\/\/sostanj.info\/2019\/wp-json\/wp\/v2\/tribe_events_cat?post=15072"}],"curies":[{"name":"wp","href":"https:\/\/api.w.org\/{rel}","templated":true}]}}

<p>V Ravnah pri Šoštanju stoji čudovit dvorec Gutenbüchel. Lastniki tega dvorca so se zelo hitro menjali, pomembnejši med njimi pa so bili Woschnagg-i, ki so stavbo prezidali in ji dali današnjo podobo. Ohranjena je dragocena notranja oprema z imenitnimi parketi, intarziranim pohištvom in lesenimi zidnimi oblogami. Še posebno vrednost pa daje stavbi lep park z mnogimi okrasnimi elementi. Avtorica razstave je Andreja Jurkovnik, v sodelovanju z arhitektko Matejo Kumer.&nbsp;</p>

<p>V Ravnah pri Šoštanju stoji čudovit dvorec Gutenbüchel. Lastniki tega dvorca so se zelo hitro menjali, pomembnejši med njimi pa so bili Woschnagg-i, ki so stavbo prezidali in ji dali&#8230;</p>
