{"id":14581,"date":"2022-09-20T21:45:47","date_gmt":"2022-09-20T19:45:47","guid":{"rendered":"https:\/\/sostanj.info\/2019\/prireditev\/dan-smrekovca-pohod-in-turno-kolesarjenje-2\/"},"modified":"2022-09-20T21:45:47","modified_gmt":"2022-09-20T19:45:47","slug":"dan-smrekovca-pohod-in-turno-kolesarjenje-2","status":"publish","type":"tribe_events","link":"https:\/\/sostanj.info\/2019\/dogodki\/dan-smrekovca-pohod-in-turno-kolesarjenje-2\/","title":{"rendered":"DAN SMREKOVCA (pohodi in turno kolesarjenje)"},"content":{"rendered":"<p style=\"text-align: justify;\"><span style=\"font-size: 14pt;\">Planinsko dru\u0161tvo \u0160o\u0161tanj na pobudo in v soorganizaciji&nbsp;<a href=\"https:\/\/www.sostanj.si\/\" data-saferedirecturl=\"https:\/\/www.google.com\/url?q=https:\/\/www.sostanj.si\/&amp;source=gmail&amp;ust=1632421866164000&amp;usg=AFQjCNEnkDnt5w-kI54q_OE0Oz4csnRhJg\">Ob\u010dine \u0160o\u0161tanj<\/a>&nbsp;\u017ee vse od leta 2001 ob ob\u010dinskem prazniku organizira vsakoletni pohod na najvi\u0161ji vrh na\u0161e ob\u010dine, Smrekovec 1577m. Do leta 2013 je to&nbsp;bila tudi ena izmed aktivnosti, ki jih je v okviru Dnevov rekreacije organizirala&nbsp;<a href=\"http:\/\/www.sportna-zveza-sostanj.si\/\" data-saferedirecturl=\"https:\/\/www.google.com\/url?q=http:\/\/www.sportna-zveza-sostanj.si\/&amp;source=gmail&amp;ust=1632421866164000&amp;usg=AFQjCNFDZMbKPxuvIfurF-1nUTWaf7zsmg\">\u0160portna zveza \u0160o\u0161tanj<\/a>. V letu 2017 pa smo tradicionalni pohod na Smrekovec v dogovoru z \u017eupani treh ob\u010din,&nbsp;<a href=\"https:\/\/www.sostanj.si\/\" data-saferedirecturl=\"https:\/\/www.google.com\/url?q=https:\/\/www.sostanj.si\/&amp;source=gmail&amp;ust=1632421866164000&amp;usg=AFQjCNEnkDnt5w-kI54q_OE0Oz4csnRhJg\">\u0160o\u0161tanja<\/a>,&nbsp;<a href=\"http:\/\/www.crna.si\/\" data-saferedirecturl=\"https:\/\/www.google.com\/url?q=http:\/\/www.crna.si\/&amp;source=gmail&amp;ust=1632421866164000&amp;usg=AFQjCNGis1pC3G9QQ_CDMFzOMkBfe1dmGw\">\u010crne na Koro\u0161kem<\/a>&nbsp;in&nbsp;<a href=\"https:\/\/www.ljubno.si\/\" data-saferedirecturl=\"https:\/\/www.google.com\/url?q=https:\/\/www.ljubno.si\/&amp;source=gmail&amp;ust=1632421866164000&amp;usg=AFQjCNF2ZU9mLXgnw4ClTZUoOQyUkCnsuQ\">Ljubnega ob Savinji<\/a>, ki se stikajo na Smrekov\u0161kem pogorju in dru\u0161tvi, ki so zdru\u017eena v&nbsp;<a href=\"http:\/\/www.smrekovec.net\/\" data-saferedirecturl=\"https:\/\/www.google.com\/url?q=http:\/\/www.smrekovec.net\/&amp;source=gmail&amp;ust=1632421866164000&amp;usg=AFQjCNEMRbf2EohGflumgwtarmGjjgOMLw\">Naravovarstveni zvezi Smrekovec<\/a>, raz\u0161irili na skupno dru\u017eenje na Smrekovcu, ki smo ga poimenovali&nbsp;<strong>DAN SMREKOVCA<\/strong>. Na tej prireditvi se lahko prebivalci vseh treh ob\u010din in seveda vsi ostali ljubitelji gora udele\u017eijo enega izmed pohodov, organiziranega do&nbsp;<a href=\"https:\/\/www.pzs.si\/koce.php?pid=97\" data-saferedirecturl=\"https:\/\/www.google.com\/url?q=https:\/\/www.pzs.si\/koce.php?pid%3D97&amp;source=gmail&amp;ust=1632421866164000&amp;usg=AFQjCNGfNMCOJPPoYnDdtdFRT0CXqPRlTQ\">Doma na Smrekovcu<\/a>&nbsp;iz razli\u010dnih smeri. Poleg tega pa lahko v okviru razli\u010dnih aktivnosti bolje spoznajo Smrekov\u0161ko pogorje z naravovarstvenega vidika, saj je to&nbsp;tudi obmo\u010dje posebnih naravnih vrednot.<\/span><\/p>\n<blockquote><p><span style=\"color: #ff0000; font-size: 18pt;\"><strong>Zaradi slabega vremena varianta pohoda \u0160o\u0161tanj &#8211; Smrekovec ter turnokolesarski izlet odpade. Vsi ostali pohodi se izvedejo v vsakem vremenu.&nbsp;<\/strong><\/span><\/p><\/blockquote>\n","protected":false},"excerpt":{"rendered":"<p>Planinsko dru\u0161tvo \u0160o\u0161tanj na pobudo in v soorganizaciji&nbsp;Ob\u010dine \u0160o\u0161tanj&nbsp;\u017ee vse od leta 2001 ob ob\u010dinskem prazniku organizira vsakoletni pohod na najvi\u0161ji vrh na\u0161e ob\u010dine, Smrekovec 1577m. Do leta 2013 je&#8230;<\/p>\n","protected":false},"author":541,"featured_media":14582,"comment_status":"open","ping_status":"closed","template":"","meta":{"ngg_post_thumbnail":0,"footnotes":""},"tags":[],"tribe_events_cat":[54],"class_list":["post-14581","tribe_events","type-tribe_events","status-publish","has-post-thumbnail","hentry","tribe_events_cat-planinstvo","cat_planinstvo"],"_links":{"self":[{"href":"https:\/\/sostanj.info\/2019\/wp-json\/wp\/v2\/tribe_events\/14581","targetHints":{"allow":["GET"]}}],"collection":[{"href":"https:\/\/sostanj.info\/2019\/wp-json\/wp\/v2\/tribe_events"}],"about":[{"href":"https:\/\/sostanj.info\/2019\/wp-json\/wp\/v2\/types\/tribe_events"}],"author":[{"embeddable":true,"href":"https:\/\/sostanj.info\/2019\/wp-json\/wp\/v2\/users\/541"}],"replies":[{"embeddable":true,"href":"https:\/\/sostanj.info\/2019\/wp-json\/wp\/v2\/comments?post=14581"}],"version-history":[{"count":0,"href":"https:\/\/sostanj.info\/2019\/wp-json\/wp\/v2\/tribe_events\/14581\/revisions"}],"wp:featuredmedia":[{"embeddable":true,"href":"https:\/\/sostanj.info\/2019\/wp-json\/wp\/v2\/media\/14582"}],"wp:attachment":[{"href":"https:\/\/sostanj.info\/2019\/wp-json\/wp\/v2\/media?parent=14581"}],"wp:term":[{"taxonomy":"post_tag","embeddable":true,"href":"https:\/\/sostanj.info\/2019\/wp-json\/wp\/v2\/tags?post=14581"},{"taxonomy":"tribe_events_cat","embeddable":true,"href":"https:\/\/sostanj.info\/2019\/wp-json\/wp\/v2\/tribe_events_cat?post=14581"}],"curies":[{"name":"wp","href":"https:\/\/api.w.org\/{rel}","templated":true}]}}

<p style="text-align: justify;"><span style="font-size: 14pt;">Planinsko društvo Šoštanj na pobudo in v soorganizaciji&nbsp;<a href="https://www.sostanj.si/" data-saferedirecturl="https://www.google.com/url?q=https://www.sostanj.si/&amp;source=gmail&amp;ust=1632421866164000&amp;usg=AFQjCNEnkDnt5w-kI54q_OE0Oz4csnRhJg">Občine Šoštanj</a>&nbsp;že vse od leta 2001 ob občinskem prazniku organizira vsakoletni pohod na najvišji vrh naše občine, Smrekovec 1577m. Do leta 2013 je to&nbsp;bila tudi ena izmed aktivnosti, ki jih je v okviru Dnevov rekreacije organizirala&nbsp;<a href="http://www.sportna-zveza-sostanj.si/" data-saferedirecturl="https://www.google.com/url?q=http://www.sportna-zveza-sostanj.si/&amp;source=gmail&amp;ust=1632421866164000&amp;usg=AFQjCNFDZMbKPxuvIfurF-1nUTWaf7zsmg">Športna zveza Šoštanj</a>. V letu 2017 pa smo tradicionalni pohod na Smrekovec v dogovoru z župani treh občin,&nbsp;<a href="https://www.sostanj.si/" data-saferedirecturl="https://www.google.com/url?q=https://www.sostanj.si/&amp;source=gmail&amp;ust=1632421866164000&amp;usg=AFQjCNEnkDnt5w-kI54q_OE0Oz4csnRhJg">Šoštanja</a>,&nbsp;<a href="http://www.crna.si/" data-saferedirecturl="https://www.google.com/url?q=http://www.crna.si/&amp;source=gmail&amp;ust=1632421866164000&amp;usg=AFQjCNGis1pC3G9QQ_CDMFzOMkBfe1dmGw">Črne na Koroškem</a>&nbsp;in&nbsp;<a href="https://www.ljubno.si/" data-saferedirecturl="https://www.google.com/url?q=https://www.ljubno.si/&amp;source=gmail&amp;ust=1632421866164000&amp;usg=AFQjCNF2ZU9mLXgnw4ClTZUoOQyUkCnsuQ">Ljubnega ob Savinji</a>, ki se stikajo na Smrekovškem pogorju in društvi, ki so združena v&nbsp;<a href="http://www.smrekovec.net/" data-saferedirecturl="https://www.google.com/url?q=http://www.smrekovec.net/&amp;source=gmail&amp;ust=1632421866164000&amp;usg=AFQjCNEMRbf2EohGflumgwtarmGjjgOMLw">Naravovarstveni zvezi Smrekovec</a>, razširili na skupno druženje na Smrekovcu, ki smo ga poimenovali&nbsp;<strong>DAN SMREKOVCA</strong>. Na tej prireditvi se lahko prebivalci vseh treh občin in seveda vsi ostali ljubitelji gora udeležijo enega izmed pohodov, organiziranega do&nbsp;<a href="https://www.pzs.si/koce.php?pid=97" data-saferedirecturl="https://www.google.com/url?q=https://www.pzs.si/koce.php?pid%3D97&amp;source=gmail&amp;ust=1632421866164000&amp;usg=AFQjCNGfNMCOJPPoYnDdtdFRT0CXqPRlTQ">Doma na Smrekovcu</a>&nbsp;iz različnih smeri. Poleg tega pa lahko v okviru različnih aktivnosti bolje spoznajo Smrekovško pogorje z naravovarstvenega vidika, saj je to&nbsp;tudi območje posebnih naravnih vrednot.</span></p>
<blockquote><p><span style="color: #ff0000; font-size: 18pt;"><strong>Zaradi slabega vremena varianta pohoda Šoštanj &#8211; Smrekovec ter turnokolesarski izlet odpade. Vsi ostali pohodi se izvedejo v vsakem vremenu.&nbsp;</strong></span></p></blockquote>

<p>Planinsko društvo Šoštanj na pobudo in v soorganizaciji&nbsp;Občine Šoštanj&nbsp;že vse od leta 2001 ob občinskem prazniku organizira vsakoletni pohod na najvišji vrh naše občine, Smrekovec 1577m. Do leta 2013 je&#8230;</p>
