{"id":14535,"date":"2022-09-02T23:46:37","date_gmt":"2022-09-02T21:46:37","guid":{"rendered":"https:\/\/sostanj.info\/2019\/prireditev\/triglav-2864-m-2\/"},"modified":"2022-09-02T23:46:37","modified_gmt":"2022-09-02T21:46:37","slug":"triglav-2864-m-2","status":"publish","type":"tribe_events","link":"https:\/\/sostanj.info\/2019\/dogodki\/triglav-2864-m-2\/","title":{"rendered":"TRIGLAV (2864 m)"},"content":{"rendered":"<p style=\"font-weight: 400;\"><span style=\"font-size: 14pt;\">Odhod: <strong>V nedeljo, 11. septembra 2022 ob 4. uri, Avtobusna postaja \u0160o\u0161tanj, predviden prihod 12. septembra 2022 do 20.00<\/strong><\/span><\/p>\n<p style=\"font-weight: 400;\"><span style=\"font-size: 14pt;\">Vodniki: <strong>Igor Rezman, Jure Grudnik, Monika Tajnik in Bojan Rotovnik<\/strong><\/span><\/p>\n<p style=\"font-weight: 400;\"><span style=\"font-size: 14pt;\">Zahtevnost: <strong>lahke, zahtevne in zelo zahtevne planinske poti<\/strong><\/span><\/p>\n<p style=\"font-weight: 400;\"><span style=\"font-size: 14pt;\">\u010cas hoje: <strong>nedelja 6 do 9 ur, ponedeljek 7 do 9 ur<\/strong><\/span><\/p>\n<p style=\"font-weight: 400;\"><span style=\"font-size: 14pt;\">Oprema: <strong>planinska za visokogorje, obvezna je plezalna \u010delada ter samovarovalni komplet<\/strong><\/span><\/p>\n<p style=\"font-weight: 400;\"><span style=\"font-size: 14pt;\">Cena spanja: <strong>spanje na skupnih le\u017ei\u0161\u010dih za \u010dlane PD &#8211; 16 \u20ac + turisti\u010dna taksa &#8211; 2\u20ac = 18 \u20ac<\/strong><\/span><\/p>\n<p><span style=\"font-size: 14pt;\">Cena prevoza: <strong>Bo znana naknadno<\/strong><\/span><\/p>\n<p style=\"font-weight: 400;\"><span style=\"font-size: 14pt;\"><strong>Opis poti:&nbsp;<\/strong><\/span><\/p>\n<p style=\"font-weight: 400; text-align: justify;\"><span style=\"font-size: 14pt;\"><strong>Nedelja, 11. september<\/strong>: V jutranjih urah se zberemo na avtobusni postaji v \u0160o\u0161tanju in se z manj\u0161im avtobusom peljemo do Kovinarske ko\u010de v Krmi (870 m), kjer bomo imeli kraj\u0161i po\u010ditek za jutranjo kavico. S hojo za\u010dnemo po makadam cesti, ki kmalu preide v uhojeno markirano stezo, ki nas bo v zlo\u017enem vzponu vodila mimo planine Zg. Krma (1725 m), Konjskega sedla 2020m vse do Doma Planika na Triglavu (2401 m). Po dalj\u0161em po\u010ditku se bomo v primeru ustreznega vremena \u017ee popoldan podali na Triglav (2864 m) in \u0161e pred ve\u010derom sestopili nazaj do Doma Planika, kjer bomo tudi preno\u010devali.<\/span><\/p>\n<p style=\"font-weight: 400; text-align: justify;\"><span style=\"font-size: 14pt;\"><strong>Ponedeljek, 12. september<\/strong>: V jutranjih urah se bomo odpravili po planinski poti, ki vodi pod izrazito \u0160marjetno glavo proti sedlu Doli\u010d (2164 m). \u010ce bodo vremenske razmere dopu\u0161\u010dale, se bomo razdelili v dve skupini in sicer se bo ena skupina iz Hribaric (2358 m) povzpela na Kanjavec (2568 m) in se nato spustila do Ko\u010de na Doli\u010du (2151 m), kjer bo imela dalj\u0161i po\u010ditek druga skupina. Skupaj se bomo od ko\u010de spustili po slikoviti mulatjeri v smeri proti sedlu Luknja (1758 m), od koder nas \u010daka samo \u0161e spust po zatrepu doline Vrata do Alja\u017eevega doma v Vratih (1015 m). Po dalj\u0161em po\u010ditku nas bo nato avtobus peljal nazaj v \u0160ale\u0161ko dolino.&nbsp;<\/span><\/p>\n<p style=\"font-weight: 400; text-align: justify;\"><span style=\"font-size: 14pt;\"><strong>OPOMBA:<\/strong> \u010ce vremenske razmere v nedeljo popoldan ne bodo dopu\u0161\u010dale vzpona na Triglav, bomo vzpon opravili v ponedeljek zjutraj in v tem primeru se bomo iz Triglava spustili do Ko\u010de na Doli\u010du in nato nadaljevali v smeri Luknje in doline Vrat.<\/span><\/p>\n<p><img loading=\"lazy\" decoding=\"async\" class=\"alignnone size-full wp-image-14536\" src=\"https:\/\/sostanj.info\/2019\/wp-content\/uploads\/2022\/09\/triglav.jpeg\" alt=\"\" width=\"747\" height=\"421\" srcset=\"https:\/\/sostanj.info\/2019\/wp-content\/uploads\/2022\/09\/triglav.jpeg 747w, https:\/\/sostanj.info\/2019\/wp-content\/uploads\/2022\/09\/triglav-300x169.jpeg 300w, https:\/\/sostanj.info\/2019\/wp-content\/uploads\/2022\/09\/triglav-150x85.jpeg 150w\" sizes=\"auto, (max-width: 747px) 100vw, 747px\" \/><\/p>\n","protected":false},"excerpt":{"rendered":"<p>Odhod: V nedeljo, 11. septembra 2022 ob 4. uri, Avtobusna postaja \u0160o\u0161tanj, predviden prihod 12. septembra 2022 do 20.00 Vodniki: Igor Rezman, Jure Grudnik, Monika Tajnik in Bojan Rotovnik Zahtevnost:&#8230;<\/p>\n","protected":false},"author":541,"featured_media":8430,"comment_status":"open","ping_status":"closed","template":"","meta":{"ngg_post_thumbnail":0,"footnotes":""},"tags":[],"tribe_events_cat":[54],"class_list":["post-14535","tribe_events","type-tribe_events","status-publish","has-post-thumbnail","hentry","tribe_events_cat-planinstvo","cat_planinstvo"],"_links":{"self":[{"href":"https:\/\/sostanj.info\/2019\/wp-json\/wp\/v2\/tribe_events\/14535","targetHints":{"allow":["GET"]}}],"collection":[{"href":"https:\/\/sostanj.info\/2019\/wp-json\/wp\/v2\/tribe_events"}],"about":[{"href":"https:\/\/sostanj.info\/2019\/wp-json\/wp\/v2\/types\/tribe_events"}],"author":[{"embeddable":true,"href":"https:\/\/sostanj.info\/2019\/wp-json\/wp\/v2\/users\/541"}],"replies":[{"embeddable":true,"href":"https:\/\/sostanj.info\/2019\/wp-json\/wp\/v2\/comments?post=14535"}],"version-history":[{"count":1,"href":"https:\/\/sostanj.info\/2019\/wp-json\/wp\/v2\/tribe_events\/14535\/revisions"}],"predecessor-version":[{"id":14537,"href":"https:\/\/sostanj.info\/2019\/wp-json\/wp\/v2\/tribe_events\/14535\/revisions\/14537"}],"wp:featuredmedia":[{"embeddable":true,"href":"https:\/\/sostanj.info\/2019\/wp-json\/wp\/v2\/media\/8430"}],"wp:attachment":[{"href":"https:\/\/sostanj.info\/2019\/wp-json\/wp\/v2\/media?parent=14535"}],"wp:term":[{"taxonomy":"post_tag","embeddable":true,"href":"https:\/\/sostanj.info\/2019\/wp-json\/wp\/v2\/tags?post=14535"},{"taxonomy":"tribe_events_cat","embeddable":true,"href":"https:\/\/sostanj.info\/2019\/wp-json\/wp\/v2\/tribe_events_cat?post=14535"}],"curies":[{"name":"wp","href":"https:\/\/api.w.org\/{rel}","templated":true}]}}

<p style="font-weight: 400;"><span style="font-size: 14pt;">Odhod: <strong>V nedeljo, 11. septembra 2022 ob 4. uri, Avtobusna postaja Šoštanj, predviden prihod 12. septembra 2022 do 20.00</strong></span></p>
<p style="font-weight: 400;"><span style="font-size: 14pt;">Vodniki: <strong>Igor Rezman, Jure Grudnik, Monika Tajnik in Bojan Rotovnik</strong></span></p>
<p style="font-weight: 400;"><span style="font-size: 14pt;">Zahtevnost: <strong>lahke, zahtevne in zelo zahtevne planinske poti</strong></span></p>
<p style="font-weight: 400;"><span style="font-size: 14pt;">Čas hoje: <strong>nedelja 6 do 9 ur, ponedeljek 7 do 9 ur</strong></span></p>
<p style="font-weight: 400;"><span style="font-size: 14pt;">Oprema: <strong>planinska za visokogorje, obvezna je plezalna čelada ter samovarovalni komplet</strong></span></p>
<p style="font-weight: 400;"><span style="font-size: 14pt;">Cena spanja: <strong>spanje na skupnih ležiščih za člane PD &#8211; 16 € + turistična taksa &#8211; 2€ = 18 €</strong></span></p>
<p><span style="font-size: 14pt;">Cena prevoza: <strong>Bo znana naknadno</strong></span></p>
<p style="font-weight: 400;"><span style="font-size: 14pt;"><strong>Opis poti:&nbsp;</strong></span></p>
<p style="font-weight: 400; text-align: justify;"><span style="font-size: 14pt;"><strong>Nedelja, 11. september</strong>: V jutranjih urah se zberemo na avtobusni postaji v Šoštanju in se z manjšim avtobusom peljemo do Kovinarske koče v Krmi (870 m), kjer bomo imeli krajši počitek za jutranjo kavico. S hojo začnemo po makadam cesti, ki kmalu preide v uhojeno markirano stezo, ki nas bo v zložnem vzponu vodila mimo planine Zg. Krma (1725 m), Konjskega sedla 2020m vse do Doma Planika na Triglavu (2401 m). Po daljšem počitku se bomo v primeru ustreznega vremena že popoldan podali na Triglav (2864 m) in še pred večerom sestopili nazaj do Doma Planika, kjer bomo tudi prenočevali.</span></p>
<p style="font-weight: 400; text-align: justify;"><span style="font-size: 14pt;"><strong>Ponedeljek, 12. september</strong>: V jutranjih urah se bomo odpravili po planinski poti, ki vodi pod izrazito Šmarjetno glavo proti sedlu Dolič (2164 m). Če bodo vremenske razmere dopuščale, se bomo razdelili v dve skupini in sicer se bo ena skupina iz Hribaric (2358 m) povzpela na Kanjavec (2568 m) in se nato spustila do Koče na Doliču (2151 m), kjer bo imela daljši počitek druga skupina. Skupaj se bomo od koče spustili po slikoviti mulatjeri v smeri proti sedlu Luknja (1758 m), od koder nas čaka samo še spust po zatrepu doline Vrata do Aljaževega doma v Vratih (1015 m). Po daljšem počitku nas bo nato avtobus peljal nazaj v Šaleško dolino.&nbsp;</span></p>
<p style="font-weight: 400; text-align: justify;"><span style="font-size: 14pt;"><strong>OPOMBA:</strong> Če vremenske razmere v nedeljo popoldan ne bodo dopuščale vzpona na Triglav, bomo vzpon opravili v ponedeljek zjutraj in v tem primeru se bomo iz Triglava spustili do Koče na Doliču in nato nadaljevali v smeri Luknje in doline Vrat.</span></p>
<p><img loading="lazy" decoding="async" class="alignnone size-full wp-image-14536" src="https://sostanj.info/2019/wp-content/uploads/2022/09/triglav.jpeg" alt="" width="747" height="421" srcset="https://sostanj.info/2019/wp-content/uploads/2022/09/triglav.jpeg 747w, https://sostanj.info/2019/wp-content/uploads/2022/09/triglav-300x169.jpeg 300w, https://sostanj.info/2019/wp-content/uploads/2022/09/triglav-150x85.jpeg 150w" sizes="auto, (max-width: 747px) 100vw, 747px" /></p>

<p>Odhod: V nedeljo, 11. septembra 2022 ob 4. uri, Avtobusna postaja Šoštanj, predviden prihod 12. septembra 2022 do 20.00 Vodniki: Igor Rezman, Jure Grudnik, Monika Tajnik in Bojan Rotovnik Zahtevnost:&#8230;</p>
