{"id":13158,"date":"2021-05-25T15:47:51","date_gmt":"2021-05-25T13:47:51","guid":{"rendered":"https:\/\/sostanj.info\/2019\/?post_type=tribe_events&#038;p=13158"},"modified":"2021-05-25T15:48:09","modified_gmt":"2021-05-25T13:48:09","slug":"dan-drzavnosti-z-glasbenimi-gosti-v-ravnah-pri-sostanju","status":"publish","type":"tribe_events","link":"https:\/\/sostanj.info\/2019\/dogodki\/dan-drzavnosti-z-glasbenimi-gosti-v-ravnah-pri-sostanju\/","title":{"rendered":"Dan dr\u017eavnosti z glasbenimi gosti v Ravnah pri \u0160o\u0161tanju"},"content":{"rendered":"<p>Osrednja glasbena gosta Tinkara Kova\u010d in Dani Gregorc<\/p>\n","protected":false},"excerpt":{"rendered":"<p>Osrednja glasbena gosta Tinkara Kova\u010d in Dani Gregorc<\/p>\n","protected":false},"author":1,"featured_media":8430,"comment_status":"open","ping_status":"closed","template":"","meta":{"ngg_post_thumbnail":0,"footnotes":""},"tags":[],"tribe_events_cat":[52],"class_list":["post-13158","tribe_events","type-tribe_events","status-publish","has-post-thumbnail","hentry","tribe_events_cat-kultura_umetnost","cat_kultura_umetnost"],"_links":{"self":[{"href":"https:\/\/sostanj.info\/2019\/wp-json\/wp\/v2\/tribe_events\/13158","targetHints":{"allow":["GET"]}}],"collection":[{"href":"https:\/\/sostanj.info\/2019\/wp-json\/wp\/v2\/tribe_events"}],"about":[{"href":"https:\/\/sostanj.info\/2019\/wp-json\/wp\/v2\/types\/tribe_events"}],"author":[{"embeddable":true,"href":"https:\/\/sostanj.info\/2019\/wp-json\/wp\/v2\/users\/1"}],"replies":[{"embeddable":true,"href":"https:\/\/sostanj.info\/2019\/wp-json\/wp\/v2\/comments?post=13158"}],"version-history":[{"count":1,"href":"https:\/\/sostanj.info\/2019\/wp-json\/wp\/v2\/tribe_events\/13158\/revisions"}],"predecessor-version":[{"id":13159,"href":"https:\/\/sostanj.info\/2019\/wp-json\/wp\/v2\/tribe_events\/13158\/revisions\/13159"}],"wp:featuredmedia":[{"embeddable":true,"href":"https:\/\/sostanj.info\/2019\/wp-json\/wp\/v2\/media\/8430"}],"wp:attachment":[{"href":"https:\/\/sostanj.info\/2019\/wp-json\/wp\/v2\/media?parent=13158"}],"wp:term":[{"taxonomy":"post_tag","embeddable":true,"href":"https:\/\/sostanj.info\/2019\/wp-json\/wp\/v2\/tags?post=13158"},{"taxonomy":"tribe_events_cat","embeddable":true,"href":"https:\/\/sostanj.info\/2019\/wp-json\/wp\/v2\/tribe_events_cat?post=13158"}],"curies":[{"name":"wp","href":"https:\/\/api.w.org\/{rel}","templated":true}]}}

Dan državnosti z glasbenimi gosti v Ravnah pri Šoštanju

<p>Osrednja glasbena gosta Tinkara Kovač in Dani Gregorc</p>
