{"id":15105,"date":"2023-09-26T16:46:06","date_gmt":"2023-09-26T14:46:06","guid":{"rendered":"https:\/\/sostanj.info\/2019\/?post_type=tribe_events&#038;p=15105"},"modified":"2023-09-26T16:46:06","modified_gmt":"2023-09-26T14:46:06","slug":"mateja-kumer-dvorec-gutenbuchel","status":"publish","type":"tribe_events","link":"http:\/\/sostanj.info\/2019\/dogodki\/mateja-kumer-dvorec-gutenbuchel\/","title":{"rendered":"Mateja Kumer: Dvorec Gutenb\u00fcchel"},"content":{"rendered":"<p>V Ravnah pri \u0160o\u0161tanju stoji \u010dudovit dvorec Gutenb\u00fcchel. Lastniki tega dvorca so se zelo hitro menjali, pomembnej\u0161i med njimi pa so bili Woschnagg-i, ki so stavbo prezidali in ji dali dana\u0161njo podobo. Dvorec in njegovo zgodovino nam bo predstavila arhitektka Mateja Kumer.<\/p>\n","protected":false},"excerpt":{"rendered":"<p>V Ravnah pri \u0160o\u0161tanju stoji \u010dudovit dvorec Gutenb\u00fcchel. Lastniki tega dvorca so se zelo hitro menjali, pomembnej\u0161i med njimi pa so bili Woschnagg-i, ki so stavbo prezidali in ji dali&#8230;<\/p>\n","protected":false},"author":1,"featured_media":8430,"comment_status":"closed","ping_status":"closed","template":"","meta":{"ngg_post_thumbnail":0,"footnotes":""},"tags":[],"tribe_events_cat":[52],"class_list":["post-15105","tribe_events","type-tribe_events","status-publish","has-post-thumbnail","hentry","tribe_events_cat-kultura_umetnost","cat_kultura_umetnost"],"_links":{"self":[{"href":"http:\/\/sostanj.info\/2019\/wp-json\/wp\/v2\/tribe_events\/15105","targetHints":{"allow":["GET"]}}],"collection":[{"href":"http:\/\/sostanj.info\/2019\/wp-json\/wp\/v2\/tribe_events"}],"about":[{"href":"http:\/\/sostanj.info\/2019\/wp-json\/wp\/v2\/types\/tribe_events"}],"author":[{"embeddable":true,"href":"http:\/\/sostanj.info\/2019\/wp-json\/wp\/v2\/users\/1"}],"replies":[{"embeddable":true,"href":"http:\/\/sostanj.info\/2019\/wp-json\/wp\/v2\/comments?post=15105"}],"version-history":[{"count":1,"href":"http:\/\/sostanj.info\/2019\/wp-json\/wp\/v2\/tribe_events\/15105\/revisions"}],"predecessor-version":[{"id":15107,"href":"http:\/\/sostanj.info\/2019\/wp-json\/wp\/v2\/tribe_events\/15105\/revisions\/15107"}],"wp:featuredmedia":[{"embeddable":true,"href":"http:\/\/sostanj.info\/2019\/wp-json\/wp\/v2\/media\/8430"}],"wp:attachment":[{"href":"http:\/\/sostanj.info\/2019\/wp-json\/wp\/v2\/media?parent=15105"}],"wp:term":[{"taxonomy":"post_tag","embeddable":true,"href":"http:\/\/sostanj.info\/2019\/wp-json\/wp\/v2\/tags?post=15105"},{"taxonomy":"tribe_events_cat","embeddable":true,"href":"http:\/\/sostanj.info\/2019\/wp-json\/wp\/v2\/tribe_events_cat?post=15105"}],"curies":[{"name":"wp","href":"https:\/\/api.w.org\/{rel}","templated":true}]}}

Mateja Kumer: Dvorec Gutenbüchel

<p>V Ravnah pri Šoštanju stoji čudovit dvorec Gutenbüchel. Lastniki tega dvorca so se zelo hitro menjali, pomembnejši med njimi pa so bili Woschnagg-i, ki so stavbo prezidali in ji dali današnjo podobo. Dvorec in njegovo zgodovino nam bo predstavila arhitektka Mateja Kumer.</p>

<p>V Ravnah pri Šoštanju stoji čudovit dvorec Gutenbüchel. Lastniki tega dvorca so se zelo hitro menjali, pomembnejši med njimi pa so bili Woschnagg-i, ki so stavbo prezidali in ji dali&#8230;</p>
