{"id":8336,"date":"2019-05-05T19:49:55","date_gmt":"2019-05-05T17:49:55","guid":{"rendered":"http:\/\/sostanj.info\/2019\/?page_id=8336"},"modified":"2019-05-05T19:49:55","modified_gmt":"2019-05-05T17:49:55","slug":"dpo-kontakt","status":"publish","type":"page","link":"http:\/\/sostanj.info\/2019\/dpo-kontakt\/","title":{"rendered":"DPO kontakt"},"content":{"rendered":"<a class=\"wordpress-gdpr-back-link\" href=\"http:\/\/sostanj.info\/2019\/center-zasebnosti\/\">&larr; Vrni se na center zasebnosti<\/a><form action=\"\/2019\/wp-json\/wp\/v2\/pages\/8336\" class=\"wordpress-gdpr-form wordpress-gdpr-form-contact-dpo\" method=\"post\"><input type=\"hidden\" name=\"wordpress_gdpr_form_type\" value=\"contact-dpo\"><div class=\"form-group\"><label for=\"gdpr_firstname\">Va\u0161e ime (*)<\/label><input class=\"form-control\" type=\"text\" name=\"gdpr_firstname\" value=\"\" required \/><\/div><div class=\"form-group\"><label for=\"gdpr_lastname\">Va\u0161 priimek (*)<\/label><input class=\"form-control\" type=\"text\" name=\"gdpr_lastname\" value=\"\" required \/><\/div><div class=\"form-group\"><label for=\"gdpr_email\">Va\u0161a E-po\u0161ta (*)<\/label><input class=\"form-control\" type=\"email\" name=\"gdpr_email\" value=\"\" required \/><\/div><div class=\"form-group\"><label for=\"gdpr_message\">Sporo\u010dilo (*)<\/label><textarea class=\"form-control\" name=\"gdpr_message\" required \/><\/textarea><\/div><div class=\"form-group\"><label for=\"gdpr_terms\"><input id=\"gdpr_terms\" class=\"form-control\" type=\"checkbox\" name=\"gdpr_terms\" value=\"1\" required \/><span class=\"gdpr-accept-conditiones-text\">Strinjam se s politiko zasebnosti in da se lahko moji podatki shranijo za zahtevo GDPR.<\/span><\/label><\/div><input type=\"submit\" name=\"gdpr_submitted\" value=\"Po\u0161lji\"\/><\/form>\n","protected":false},"excerpt":{"rendered":"&larr; Vrni se na center zasebnostiVa\u0161e ime (*)Va\u0161 priimek (*)Va\u0161a E-po\u0161ta (*)Sporo\u010dilo (*)Strinjam se s politiko zasebnosti in da se lahko moji podatki shranijo za zahtevo GDPR.","protected":false},"author":1,"featured_media":8430,"parent":0,"menu_order":0,"comment_status":"closed","ping_status":"closed","template":"","meta":{"ngg_post_thumbnail":0,"footnotes":""},"class_list":["post-8336","page","type-page","status-publish","has-post-thumbnail","hentry"],"_links":{"self":[{"href":"http:\/\/sostanj.info\/2019\/wp-json\/wp\/v2\/pages\/8336","targetHints":{"allow":["GET"]}}],"collection":[{"href":"http:\/\/sostanj.info\/2019\/wp-json\/wp\/v2\/pages"}],"about":[{"href":"http:\/\/sostanj.info\/2019\/wp-json\/wp\/v2\/types\/page"}],"author":[{"embeddable":true,"href":"http:\/\/sostanj.info\/2019\/wp-json\/wp\/v2\/users\/1"}],"replies":[{"embeddable":true,"href":"http:\/\/sostanj.info\/2019\/wp-json\/wp\/v2\/comments?post=8336"}],"version-history":[{"count":1,"href":"http:\/\/sostanj.info\/2019\/wp-json\/wp\/v2\/pages\/8336\/revisions"}],"predecessor-version":[{"id":8337,"href":"http:\/\/sostanj.info\/2019\/wp-json\/wp\/v2\/pages\/8336\/revisions\/8337"}],"wp:featuredmedia":[{"embeddable":true,"href":"http:\/\/sostanj.info\/2019\/wp-json\/wp\/v2\/media\/8430"}],"wp:attachment":[{"href":"http:\/\/sostanj.info\/2019\/wp-json\/wp\/v2\/media?parent=8336"}],"curies":[{"name":"wp","href":"https:\/\/api.w.org\/{rel}","templated":true}]}}